48704601?
4
What is the hundreds digit of 161018982?
9
What is the units digit of 2208545032?
2
What is the millions digit of 23425281?
3
What is the units digit of 23370443?
3
What is the hundred millions digit of 549195192?
5
What is the hundreds digit of 103032341?
3
What is the billions digit of 3815859668?
3
What is the hundreds digit of 674296895?
8
What is the millions digit of 202766555?
2
What is the ten thousands digit of 1337571501?
7
What is the millions digit of 8769176?
8
What is the thousands digit of 265686826?
6
What is the hundred thousands digit of 264796675?
7
What is the hundred thousands digit of 42655416?
6
What is the units digit of 815607184?
4
What is the tens digit of 2745267092?
9
What is the millions digit of 1606446602?
6
What is the millions digit of 55433746?
5
What is the units digit of 1519381254?
4
What is the tens digit of 46233705?
0
What is the hundreds digit of 37065434?
4
What is the hundreds digit of 2693953791?
7
What is the hundreds digit of 86393248?
2
What is the ten millions digit of 12326803?
1
What is the hundred thousands digit of 959729350?
7
What is the units digit of 6113210250?
0
What is the hundred thousands digit of 115511738?
5
What is the thousands digit of 39840706?
0
What is the millions digit of 1210793918?
0
What is the ten millions digit of 125996894?
2
What is the hundred millions digit of 830433435?
8
What is the units digit of 585585883?
3
What is the tens digit of 794779241?
4
What is the billions digit of 1347365467?
1
What is the ten thousands digit of 75265259?
6
What is the ten millions digit of 496482911?
9
What is the units digit of 1648865391?
1
What is the millions digit of 3650578580?
0
What is the hundred millions digit of 1252304018?
2
What is the hundreds digit of 24840598?
5
What is the ten thousands digit of 140237135?
3
What is the thousands digit of 238262245?
2
What is the units digit of 214107772?
2
What is the tens digit of 860648244?
4
What is the ten thousands digit of 416717653?
1
What is the millions digit of 157966618?
7
What is the hundreds digit of 11565624?
6
What is the hundred millions digit of 5303506519?
3
What is the hundreds digit of 18657021?
0
What is the units digit of 65082608?
8
What is the hundreds digit of 64853874?
8
What is the thousands digit of 19299608?
9
What is the hundred thousands digit of 152522605?
5
What is the tens digit of 147284021?
2
What is the units digit of 684875970?
0
What is the ten millions digit of 512120573?
1
What is the tens digit of 2589178892?
9
What is the hundred millions digit of 104303138?
1
What is the millions digit of 9559971?
9
What is the hundred thousands digit of 23044663?
0
What is the tens digit of 413567918?
1
What is the millions digit of 104703205?
4
What is the millions digit of 1550362969?
0
What is the hundred millions digit of 206250224?
2
What is the ten thousands digit of 8534280304?
8
What is the thousands digit of 471140086?
0
What is the millions digit of 429872039?
9
What is the units digit of 741293?
3
What is the thousands digit of 72277424?
7
What is the hundred millions digit of 6723581257?
7
What is the ten millions digit of 43942789?
4
What is the millions digit of 3224788?
3
What is the tens digit of 391129188?
8
What is the ten millions digit of 251270727?
5
What is the ten millions digit of 150224670?
5
What is the ten thousands digit of 690902248?
0
What is the units digit of 418364233?
3
What is the units digit of 2497973534?
4
What is the millions digit of 418066532?
8
What is the millions digit of 79769850?
9
What is the hundred millions digit of 110275085?
1
What is the hundreds digit of 1990222463?
4
What is the ten millions digit of 4118453970?
1
What is the units digit of 1617427348?
8
What is the tens digit of 49575146?
4
What is the ten millions digit of 4150341845?
5
What is the thousands digit of 6337340930?
0
What is the hundred thousands digit of 267599430?
5
What is the ten millions digit of 57135316?
5
What is the hundreds digit of 25107513?
5
What is the thousands digit of 278703584?
3
What is the ten millions digit of 33808869?
3
What is the ten thousands digit of 119405145?
0
What is the ten millions digit of 1075106986?
7
What is the tens digit of 518771011?
1
What is the units digit of 713626927?
7
What is the hundred millions digit of 7579549578?
5
What is the ten millions digit of 41566210?
4
What is the tens digit of 84630008?
0
What is the units digit of 136658287?
7
What is the tens digit of 102042345?
4
What is the units digit of 5140847218?
8
What is the hundreds digit of 21559667?
6
What is the units digit of 253048226?
6
What is the hundred millions digit of 250521281?
2
What is the hundreds digit of 246509749?
7
What is the hundreds digit of 25280891?
8
What is the ten thousands digit of 689977990?
7
What is the hundred thousands digit of 143903566?
9
What is the hundreds digit of 72326368?
3
What is the thousands digit of 287167468?
7
What is the ten millions digit of 52531812?
5
What is the units digit of 7742743952?
2
What is the thousands digit of 1969690383?
0
What is the hundreds digit of 246653826?
8
What is the billions digit of 1674419482?
1
What is the ten millions digit of 211380097?
1
What is the hundreds digit of 1097585376?
3
What is the ten millions digit of 27922324?
2
What is the tens digit of 5763068027?
2
What is the ten millions digit of 206669178?
0
What is the ten millions digit of 433738705?
3
What is the hundred thousands digit of 190713863?
7
What is the tens digit of 785920979?
7
What is the hundred thousands digit of 338659753?
6
What is the hundred thousands digit of 1373578049?
5
What is the ten millions digit of 118370955?
1
What is the ten millions digit of 905358222?
0
What is the hundred thousands digit of 2934828?
9
What is the hundred thousands digit of 7021502?
0
What is the thousands digit of 57997882?
7
What is the billions digit of 3470429776?
3
What is the thousands digit of 30319956?
9
What is the ten thousands digit of 5371134732?
3
What is the ten millions digit of 92839265?
9
What is the millions digit of 2478226366?
8
What is the tens digit of 163481710?
1
What is the tens digit of 16010010?
1
What is the hundred thousands digit of 675936062?
9
What is the tens digit of 287233025?
2
What is the thousands digit of 4702245579?
5
What is the ten millions digit of 472828934?
7
What is the hundred millions digit of 2567336353?
5
What is the thousands digit of 1011018018?
8
What is the tens digit of 2597787772?
7
What is the millions digit of 88749219?
8
What is the thousands digit of 1118676944?
6
What is the thousands digit of 1346584959?
4
What is the units digit of 33630484?
4
What is the hundred thousands digit of 1306274824?
2
What is the tens digit of 65286960?
6
What is the hundreds digit of 3338783310?
3
What is the ten thousands digit of 2549196448?
9
What is the millions digit of 30013317?
0
What is the units digit of 48224803?
3
What is the hundred millions digit of 323286450?
3
What is the hundred millions digit of 108688983?
1
What is the millions digit of 749199481?
9
What is the units digit of 184193245?
5
What is the ten thousands digit of 357424682?
2
What is the tens digit of 579732352?
5
What is the hundred thousands digit of 74425704?
4
What is the hundred thousands digit of 1418039308?
0
What is the ten thousands digit of 363603603?
0
What is the ten thousands digit of 53786725?
8
What is the hundreds digit of 189608759?
7
What is the hundred thousands digit of 197243484?
2
What is the units digit of 173092626?
6
What is the hundreds digit of 85147645?
6
What is the thousands digit of 71135760?
5
What is the ten thousands digit of 77485123?
8
What is the thousands digit of 56460605?
0
What is the ten thousands digit of 70208964?
0
What is the hundred millions digit of 330171528?
3
What is the thousands digit of 20004525?
4
What is the hundred thousands digit of 1079776504?
7
What is the thousands digit of 535584817?
4
What is the hundred millions digit of 466446398?
4
What is the tens digit of 111824100?
0
What is the millions digit of 54505642?
4
What is the hundred thousands digit of 1183622642?
6
What is the ten millions digit of 1894667899?
9
What is the ten thousands digit of 